{"id":73,"date":"2018-02-26T07:52:38","date_gmt":"2018-02-26T06:52:38","guid":{"rendered":"http:\/\/cantinero.pl\/?page_id=73"},"modified":"2020-02-02T15:12:48","modified_gmt":"2020-02-02T14:12:48","slug":"pierwszy-taniec-nowozencow","status":"publish","type":"page","link":"https:\/\/cantinero.pl\/index.php\/pierwszy-taniec-nowozencow\/","title":{"rendered":"Pierwszy taniec nowo\u017ce\u0144c\u00f3w"},"content":{"rendered":"<p>Pierwszy taniec weselny jest specjalnym wyst\u0119pem pary m\u0142odej otwieraj\u0105cym wesele. To wa\u017cna chwila na ka\u017cdym weselu i warto by by\u0142a nale\u017cycie przygotowana. Chwil\u0105 t\u0105 pragniemy podzi\u0119kowa\u0107 sobie za mi\u0142o\u015b\u0107 a go\u015bciom za przybycie.<\/p>\n<p>Dlatego oferujemy profesjonalne przygotowanie pierwszego ta\u0144ca weselnego. Instruktor doradzi wybranie odpowiedniego ta\u0144ca, wraz z Pa\u0144stwem pomo\u017ce wybra\u0107 muzyk\u0119 oraz przygotuje wyj\u0105tkow\u0105 i niepowtarzaln\u0105 choreografi\u0119, kt\u00f3ra stanie si\u0119 tylko Waszym wsp\u00f3lnym prze\u017cyciem i niezapomnianymi chwilami na weselu.<\/p>\n<p>Dostosujemy si\u0119 do ka\u017cdych wymaga\u0144, oczekiwa\u0144 i nauczymy Pa\u0144stwa podstawowych zasad ta\u0144czenia w parze oraz prowadzenia, jak r\u00f3wnie\u017c obcowania z muzyk\u0105 i rytmem.<br \/>\nAby lekcje by\u0142y przyjemno\u015bci\u0105 i odskoczni\u0105 od przed weselnych stres\u00f3w i po\u015bpiechu \u017cycia dnia codziennego na ka\u017cd\u0105 lekcj\u0119 um\u00f3wimy si\u0119 indywidualnie w dogodnie wybranym terminie.<\/p>\n<blockquote><p><strong>Lekcje indywidualne z Trenerem<br \/>\n<\/strong>&#8211; czas trwania 45 minut<br \/>\n&#8211; cz\u0119stotliwo\u015b\u0107, ilo\u015b\u0107 oraz terminy spotka\u0144 do ustalenia z wybranym trenerem<br \/>\n&#8211; repertuar taneczny &#8211; dowolny<\/p><\/blockquote>\n<p><strong>koszt lekcji to 120,- z\u0142 od pary za 45 minut<\/strong><\/p>\n<figure class=\"wp-block-embed wp-block-embed-youtube is-type-video is-provider-youtube epyt-figure\"><div class=\"wp-block-embed__wrapper\"><iframe loading=\"lazy\"  id=\"_ytid_99794\"  width=\"640\" height=\"360\"  data-origwidth=\"640\" data-origheight=\"360\" src=\"https:\/\/www.youtube.com\/embed\/XZqwCkCyUxg?enablejsapi=1&autoplay=0&cc_load_policy=0&cc_lang_pref=&iv_load_policy=1&loop=0&rel=1&fs=1&playsinline=0&autohide=2&theme=dark&color=red&controls=1&disablekb=0&\" class=\"__youtube_prefs__  no-lazyload\" title=\"YouTube player\"  allow=\"fullscreen; accelerometer; autoplay; clipboard-write; encrypted-media; gyroscope; picture-in-picture; web-share\" referrerpolicy=\"strict-origin-when-cross-origin\" allowfullscreen data-no-lazy=\"1\" data-skipgform_ajax_framebjll=\"\"><\/iframe><\/div><\/figure>\n","protected":false},"excerpt":{"rendered":"<p>Pierwszy taniec weselny jest specjalnym wyst\u0119pem pary m\u0142odej otwieraj\u0105cym wesele. To wa\u017cna chwila na ka\u017cdym weselu i warto by by\u0142a nale\u017cycie przygotowana. Chwil\u0105 t\u0105 pragniemy podzi\u0119kowa\u0107 sobie za mi\u0142o\u015b\u0107 a\u2026<\/p>\n","protected":false},"author":1,"featured_media":112,"parent":0,"menu_order":0,"comment_status":"closed","ping_status":"closed","template":"","meta":{"ngg_post_thumbnail":0,"footnotes":""},"class_list":["post-73","page","type-page","status-publish","has-post-thumbnail","hentry"],"_links":{"self":[{"href":"https:\/\/cantinero.pl\/index.php\/wp-json\/wp\/v2\/pages\/73"}],"collection":[{"href":"https:\/\/cantinero.pl\/index.php\/wp-json\/wp\/v2\/pages"}],"about":[{"href":"https:\/\/cantinero.pl\/index.php\/wp-json\/wp\/v2\/types\/page"}],"author":[{"embeddable":true,"href":"https:\/\/cantinero.pl\/index.php\/wp-json\/wp\/v2\/users\/1"}],"replies":[{"embeddable":true,"href":"https:\/\/cantinero.pl\/index.php\/wp-json\/wp\/v2\/comments?post=73"}],"version-history":[{"count":6,"href":"https:\/\/cantinero.pl\/index.php\/wp-json\/wp\/v2\/pages\/73\/revisions"}],"predecessor-version":[{"id":921,"href":"https:\/\/cantinero.pl\/index.php\/wp-json\/wp\/v2\/pages\/73\/revisions\/921"}],"wp:featuredmedia":[{"embeddable":true,"href":"https:\/\/cantinero.pl\/index.php\/wp-json\/wp\/v2\/media\/112"}],"wp:attachment":[{"href":"https:\/\/cantinero.pl\/index.php\/wp-json\/wp\/v2\/media?parent=73"}],"curies":[{"name":"wp","href":"https:\/\/api.w.org\/{rel}","templated":true}]}}