{"id":63,"date":"2018-02-26T07:51:43","date_gmt":"2018-02-26T06:51:43","guid":{"rendered":"http:\/\/cantinero.pl\/?page_id=63"},"modified":"2020-02-03T14:32:14","modified_gmt":"2020-02-03T13:32:14","slug":"kurs-tanca-towarzyskiego","status":"publish","type":"page","link":"https:\/\/cantinero.pl\/index.php\/kurs-tanca-towarzyskiego\/","title":{"rendered":"Kursy ta\u0144ca dla doros\u0142ych"},"content":{"rendered":"<p>Program kursu dzieli si\u0119 na ta\u0144ce standardowe: walc angielski, tango, walc wiede\u0144ski, slowfoxtrot, quickstep oraz ta\u0144ce latynoameryka\u0144skie: samba, cha-cha-cha, rumba, pasodoble, jive.<br \/>\nA tak\u017ce ta\u0144ce dodatkowe takie jak: salsa, mambo, tango argenty\u0144skie, lambada, rock and roll, polka.<\/p>\n<div class=\"freddoButton\"><strong><a href=\"https:\/\/cantinero.pl\/index.php\/grafik-zajec-tomaszow-mazowiecki\/\">Grafik zaj\u0119\u0107 &#8211; Tomasz\u00f3w Mazowiecki<\/a><\/strong><\/div>\n<div class=\"freddoButton\"><strong><a href=\"https:\/\/cantinero.pl\/index.php\/grafik-zajec-rawa-mazowiecka\/\">Grafik zaj\u0119\u0107 &#8211; Rawa Mazowiecka<\/a><\/strong><\/div>\n<div>&nbsp;<\/div>\n<div style=\"width: 640px;\" class=\"wp-video\"><!--[if lt IE 9]><script>document.createElement('video');<\/script><![endif]-->\n<video class=\"wp-video-shortcode\" id=\"video-63-1\" width=\"640\" height=\"352\" preload=\"metadata\" controls=\"controls\"><source type=\"video\/mp4\" src=\"https:\/\/cantinero.pl\/wp-content\/uploads\/2020\/02\/VID-20200201-WA0003.mp4?_=1\" \/><a href=\"https:\/\/cantinero.pl\/wp-content\/uploads\/2020\/02\/VID-20200201-WA0003.mp4\">https:\/\/cantinero.pl\/wp-content\/uploads\/2020\/02\/VID-20200201-WA0003.mp4<\/a><\/video><\/div>\n<p><figure class=\"wp-block-embed wp-block-embed-youtube is-type-video is-provider-youtube epyt-figure\"><div class=\"wp-block-embed__wrapper\"><iframe loading=\"lazy\"  id=\"_ytid_48289\"  width=\"640\" height=\"360\"  data-origwidth=\"640\" data-origheight=\"360\" src=\"https:\/\/www.youtube.com\/embed\/Ma67ulIAbm8?enablejsapi=1&autoplay=0&cc_load_policy=0&cc_lang_pref=&iv_load_policy=1&loop=0&rel=1&fs=1&playsinline=0&autohide=2&theme=dark&color=red&controls=1&disablekb=0&\" class=\"__youtube_prefs__  no-lazyload\" title=\"YouTube player\"  allow=\"fullscreen; accelerometer; autoplay; clipboard-write; encrypted-media; gyroscope; picture-in-picture; web-share\" referrerpolicy=\"strict-origin-when-cross-origin\" allowfullscreen data-no-lazy=\"1\" data-skipgform_ajax_framebjll=\"\"><\/iframe><\/div><\/figure><br \/>\n<figure class=\"wp-block-embed wp-block-embed-youtube is-type-video is-provider-youtube epyt-figure\"><div class=\"wp-block-embed__wrapper\"><iframe loading=\"lazy\"  id=\"_ytid_51858\"  width=\"640\" height=\"360\"  data-origwidth=\"640\" data-origheight=\"360\" src=\"https:\/\/www.youtube.com\/embed\/XGq-yLTlgzw?enablejsapi=1&autoplay=0&cc_load_policy=0&cc_lang_pref=&iv_load_policy=1&loop=0&rel=1&fs=1&playsinline=0&autohide=2&theme=dark&color=red&controls=1&disablekb=0&\" class=\"__youtube_prefs__  no-lazyload\" title=\"YouTube player\"  allow=\"fullscreen; accelerometer; autoplay; clipboard-write; encrypted-media; gyroscope; picture-in-picture; web-share\" referrerpolicy=\"strict-origin-when-cross-origin\" allowfullscreen data-no-lazy=\"1\" data-skipgform_ajax_framebjll=\"\"><\/iframe><\/div><\/figure><br \/>\n<figure class=\"wp-block-embed wp-block-embed-youtube is-type-video is-provider-youtube epyt-figure\"><div class=\"wp-block-embed__wrapper\"><iframe loading=\"lazy\"  id=\"_ytid_66544\"  width=\"640\" height=\"360\"  data-origwidth=\"640\" data-origheight=\"360\" src=\"https:\/\/www.youtube.com\/embed\/86kYo13dBfU?enablejsapi=1&autoplay=0&cc_load_policy=0&cc_lang_pref=&iv_load_policy=1&loop=0&rel=1&fs=1&playsinline=0&autohide=2&theme=dark&color=red&controls=1&disablekb=0&\" class=\"__youtube_prefs__  no-lazyload\" title=\"YouTube player\"  allow=\"fullscreen; accelerometer; autoplay; clipboard-write; encrypted-media; gyroscope; picture-in-picture; web-share\" referrerpolicy=\"strict-origin-when-cross-origin\" allowfullscreen data-no-lazy=\"1\" data-skipgform_ajax_framebjll=\"\"><\/iframe><\/div><\/figure><\/p>\n","protected":false},"excerpt":{"rendered":"<p>Program kursu dzieli si\u0119 na ta\u0144ce standardowe: walc angielski, tango, walc wiede\u0144ski, slowfoxtrot, quickstep oraz ta\u0144ce latynoameryka\u0144skie: samba, cha-cha-cha, rumba, pasodoble, jive. A tak\u017ce ta\u0144ce dodatkowe takie jak: salsa, mambo,\u2026<\/p>\n","protected":false},"author":1,"featured_media":0,"parent":0,"menu_order":0,"comment_status":"closed","ping_status":"closed","template":"","meta":{"ngg_post_thumbnail":0,"footnotes":""},"class_list":["post-63","page","type-page","status-publish","hentry"],"_links":{"self":[{"href":"https:\/\/cantinero.pl\/index.php\/wp-json\/wp\/v2\/pages\/63"}],"collection":[{"href":"https:\/\/cantinero.pl\/index.php\/wp-json\/wp\/v2\/pages"}],"about":[{"href":"https:\/\/cantinero.pl\/index.php\/wp-json\/wp\/v2\/types\/page"}],"author":[{"embeddable":true,"href":"https:\/\/cantinero.pl\/index.php\/wp-json\/wp\/v2\/users\/1"}],"replies":[{"embeddable":true,"href":"https:\/\/cantinero.pl\/index.php\/wp-json\/wp\/v2\/comments?post=63"}],"version-history":[{"count":9,"href":"https:\/\/cantinero.pl\/index.php\/wp-json\/wp\/v2\/pages\/63\/revisions"}],"predecessor-version":[{"id":953,"href":"https:\/\/cantinero.pl\/index.php\/wp-json\/wp\/v2\/pages\/63\/revisions\/953"}],"wp:attachment":[{"href":"https:\/\/cantinero.pl\/index.php\/wp-json\/wp\/v2\/media?parent=63"}],"curies":[{"name":"wp","href":"https:\/\/api.w.org\/{rel}","templated":true}]}}