{"id":52,"date":"2018-02-26T07:33:23","date_gmt":"2018-02-26T06:33:23","guid":{"rendered":"http:\/\/cantinero.pl\/?page_id=52"},"modified":"2024-09-03T11:28:24","modified_gmt":"2024-09-03T09:28:24","slug":"nasza-kadra","status":"publish","type":"page","link":"https:\/\/cantinero.pl\/index.php\/nasza-kadra\/","title":{"rendered":"Nasza kadra"},"content":{"rendered":"\n<blockquote class=\"wp-block-quote is-layout-flow wp-block-quote-is-layout-flow\"><div class=\"wp-block-image\">\n<figure class=\"alignleft size-full\"><img decoding=\"async\" src=\"https:\/\/cantinero.pl\/wp-content\/uploads\/2024\/09\/image_123650291-e1725354106123.jpg\" alt=\"\" class=\"wp-image-1095\"\/><\/figure><\/div>\n\n\n<p><strong><strong>Grzegorz Rybicki<\/strong><\/strong><\/p>\n\n\n\n<p>Trener Ta\u0144ca Towarzyskiego, Choreograf, Instruktor ta\u0144ca, S\u0119dzia klasy mi\u0119dzynarodowej &#8211; I kategoria s\u0119dziowska Polskiego Towarzystwa Tanecznego<br>S\u0119dzia rock and rolla i free style.<br>Za\u0142o\u017cyciel Szko\u0142y Ta\u0144ca CANTINERO<strong><br><\/strong><\/p>\n<\/blockquote>\n\n\n\n<hr class=\"wp-block-separator has-alpha-channel-opacity\"\/>\n\n\n\n<blockquote class=\"wp-block-quote is-layout-flow wp-block-quote-is-layout-flow\"><div class=\"wp-block-image\">\n<figure class=\"alignleft\"><img loading=\"lazy\" decoding=\"async\" width=\"170\" height=\"290\" src=\"https:\/\/cantinero.pl\/wp-content\/uploads\/2018\/03\/jrybicki.jpg\" alt=\"\" class=\"wp-image-803\"\/><\/figure><\/div>\n\n\n<p><strong>Jakub Rybicki<\/strong><\/p>\n\n\n\n<p>Mistrz Polski, dwukrotny v-ce Mistrz Polski w ta\u0144cu towarzyskim.<br>Akademicki Mistrz Polski, \u0106wier\u0107finalista Mistrzostw \u015awiata, Wielokrotny Mistrz Okr\u0119gu \u0141\u00f3dzkiego.<br>Zwyci\u0119zca wielu turniej\u00f3w z cyklu GRAND PRIX POLSKI<br>Uczestnik program\u00f3w telewizyjnych &#8222;Jaka to Melodia&#8221;, &#8222;Hity Dekady&#8221;, &#8222;Sylwester w Dw\u00f3jce&#8221; itp.<br>Jako jedyny tancerz wojew\u00f3dztwa \u0141\u00f3dzkiego awansowa\u0142 do najlepszych par \u015bwiata i trzykrotnie prezentowa\u0142 swoje umiej\u0119tno\u015bci przed setkami publiczno\u015bci w Royal Albert Hall w Londynie.<br>Szkoli\u0142 si\u0119 u najlepszych trener\u00f3w na \u015bwiecie takich jak: Victor Nikovsky, Richard Porter, Katya i Giordano Vanone, Carmen, Carolyn Smith, Bryan Watson, Hans Galke. Trener ta\u0144ca, instruktor dyscypliny sportu Akademii Wychowania Fizycznego w Gda\u0144sku. S\u0119dzia I kategorii Polskiego Towarzystwa Tanecznego oraz mi\u0119dzynarodowy s\u0119dzia World Dance Council.<\/p>\n<\/blockquote>\n\n\n\n<hr class=\"wp-block-separator has-alpha-channel-opacity\"\/>\n\n\n\n<blockquote class=\"wp-block-quote is-layout-flow wp-block-quote-is-layout-flow\"><div class=\"wp-block-image\">\n<figure class=\"alignleft size-full\"><img loading=\"lazy\" decoding=\"async\" width=\"255\" height=\"300\" src=\"https:\/\/cantinero.pl\/wp-content\/uploads\/2024\/09\/Untitled-design-1.jpg\" alt=\"\" class=\"wp-image-1099\"\/><\/figure><\/div>\n\n\n<p><strong>Ada Pokorska<\/strong><\/p>\n\n\n\n<p>Instruktorka ta\u0144ca sportowego i tancerka najwy\u017cszej klasy tanecznej &#8222;S&#8221; w stylu latynoameryka\u0144skim i standardowym. Absolwentka Wydzia\u0142u Prawa Uniwersytetu w Bia\u0142ymstoku, a tak\u017ce absolwentka Wydzia\u0142u Rytmiki Pa\u0144stwowej Szko\u0142y Muzycznej II stopnia w Bia\u0142ymstoku. Najbardziej w \u015bwiecie kocha ta\u0144czy\u0107, piec dro\u017cd\u017c\u00f3wki i gra\u0107 w Rummikuba.<\/p>\n<\/blockquote>\n\n\n\n<hr class=\"wp-block-separator has-alpha-channel-opacity\"\/>\n\n\n\n<blockquote class=\"wp-block-quote is-layout-flow wp-block-quote-is-layout-flow\"><div class=\"wp-block-image\">\n<figure class=\"alignleft\"><img loading=\"lazy\" decoding=\"async\" width=\"225\" height=\"300\" src=\"https:\/\/cantinero.pl\/wp-content\/uploads\/2023\/09\/Klaudia_Migala.jpg\" alt=\"\" class=\"wp-image-1047\"\/><\/figure><\/div>\n\n\n<p><strong>Klaudia Miga\u0142a<\/strong><\/p>\n\n\n\n<p>Absolwentka Akademii Humanistyczno- Ekonomicznej w \u0141odzi specjalizacji Tancerz &#8211; Choreograf.<\/p>\n\n\n\n<p>Tancerka najwy\u017cszej klasy tanecznej S w ta\u0144cach latynoameryka\u0144skich.<\/p>\n\n\n\n<p>Wielokrotnie finalistka GRAND PRIX POLSKI. P\u00f3\u0142finalistka Mistrzostw Polski.<\/p>\n\n\n\n<p>Osi\u0105gni\u0119cia w solistkach latynoameryka\u0144skich:<br>\u2022 5 tytu\u0142\u00f3w Vice Mistrzyni Polski<br>\u2022 3 miejsce na Mistrzostwach Europy<br>\u2022 3 miejsce na Mistrzostwach \u015awiata<\/p>\n<\/blockquote>\n\n\n\n<hr class=\"wp-block-separator has-alpha-channel-opacity\"\/>\n\n\n\n<blockquote class=\"wp-block-quote is-layout-flow wp-block-quote-is-layout-flow\"><div class=\"wp-block-image\">\n<figure class=\"alignleft\"><img loading=\"lazy\" decoding=\"async\" width=\"225\" height=\"300\" src=\"https:\/\/cantinero.pl\/wp-content\/uploads\/2024\/01\/asia-poddebniak-225x300.jpg\" alt=\"\" class=\"wp-image-1054\" srcset=\"https:\/\/cantinero.pl\/wp-content\/uploads\/2024\/01\/asia-poddebniak-225x300.jpg 225w, https:\/\/cantinero.pl\/wp-content\/uploads\/2024\/01\/asia-poddebniak.jpg 260w\" sizes=\"(max-width: 225px) 100vw, 225px\" \/><\/figure><\/div>\n\n\n<p><strong>Joanna Podd\u0119bniak<\/strong><\/p>\n\n\n\n<p>Wieloletnia tancerka Studio Ta\u0144ca Cantinero.<br>Certyfikowana instruktorka Rekreacji Ruchowej o specjalizacji Taniec.<br>Uko\u0144czy\u0142a Intensywny Kurs Instruktorski prowadzony przez szko\u0142\u0119 ta\u0144ca \u201eEgurrola Dance studio\u201d.<br>Absolwentka Politechniki \u0141\u00f3dzkiej na kierunku Planowanie Przestrzenne.<br>Doskonale realizuje swoj\u0105 pasj\u0119 w pracy z przedszkolakami i m\u0142odzie\u017c\u0105 szkoln\u0105.<\/p>\n<\/blockquote>\n\n\n\n<hr class=\"wp-block-separator has-alpha-channel-opacity\"\/>\n\n\n\n<blockquote class=\"wp-block-quote is-layout-flow wp-block-quote-is-layout-flow\"><div class=\"wp-block-image\">\n<figure class=\"alignleft\"><img loading=\"lazy\" decoding=\"async\" width=\"225\" height=\"300\" src=\"https:\/\/cantinero.pl\/wp-content\/uploads\/2024\/01\/aleksandra-gruszynska-225x300.jpg\" alt=\"\" class=\"wp-image-1062\" srcset=\"https:\/\/cantinero.pl\/wp-content\/uploads\/2024\/01\/aleksandra-gruszynska-225x300.jpg 225w, https:\/\/cantinero.pl\/wp-content\/uploads\/2024\/01\/aleksandra-gruszynska.jpg 240w\" sizes=\"(max-width: 225px) 100vw, 225px\" \/><\/figure><\/div>\n\n\n<p><strong>Aleksandra Gruszczy\u0144ska<\/strong><\/p>\n\n\n\n<p>Tancerka najwy\u017cszej mi\u0119dzynarodowej klasy tanecznej ,,S\u201d.<br>-Mistrzyni Polski w kategorii Amator\u00f3w Solo Dance w stylu latynoameryka\u0144skim.<br>-Mistrzyni Polski w krajowej mistrzowskiej klasie tanecznej w ta\u0144cach latynoameryka\u0144skich<br>-Finalistka puch. Prof. Mariana Wieczystego w Krakowie i Grand Prix Polski w ta\u0144cach latynoameryka\u0144skich.<\/p>\n\n\n\n<p>Certyfikowana instruktorka Rekreacji Ruchowej o specjalizacji Taniec.<br>Instruktor sportu, instruktor ta\u0144ca Akademii Sportowej w Warszawie.<br>Obecnie studentka Akademii Humanistyczno- Ekonomicznej w \u0141odzi na kierunku Taniec specjalizacji Pedagogika.<\/p>\n<\/blockquote>\n\n\n\n<hr class=\"wp-block-separator has-alpha-channel-opacity\"\/>\n\n\n\n<blockquote class=\"wp-block-quote is-layout-flow wp-block-quote-is-layout-flow\"><div class=\"wp-block-image\">\n<figure class=\"alignleft size-full\"><img loading=\"lazy\" decoding=\"async\" width=\"255\" height=\"300\" src=\"https:\/\/cantinero.pl\/wp-content\/uploads\/2024\/09\/Untitled-design-2.jpg\" alt=\"\" class=\"wp-image-1103\"\/><\/figure><\/div>\n\n\n<p><strong>Marcin Barty\u015b<\/strong><\/p>\n\n\n\n<p>Instruktor ta\u0144ca sportowego. Tancerz najwy\u017cszej klasy tanecznej &#8222;S&#8221; w stylu latynoameryka\u0144skim i standardowym. Absolwent Wydzia\u0142u Farmaceutycznego Uniwersytetu Medycznego w Bia\u0142ymstoku. <\/p>\n\n\n\n<p>Mistrz \u015awiata Formacji Tanecznych WDC. P\u00f3\u0142finalista Mistrzostw Polski w ta\u0144cach latynoameryka\u0144skich, standardowych oraz 10 ta\u0144cach. Wielokrotny Mistrz Okr\u0119gu Podlaskiego u obu stylach.<\/p>\n\n\n\n<p>Od kilku lat zwi\u0105zany z trenowaniem sportowych par tanecznych. Uczestnik wielu projekt\u00f3w tanecznych oraz program\u00f3w tj. &#8222;Jaka to Melodia&#8221;.<\/p>\n<\/blockquote>\n\n\n\n<hr class=\"wp-block-separator has-alpha-channel-opacity\"\/>\n\n\n\n<blockquote class=\"wp-block-quote is-layout-flow wp-block-quote-is-layout-flow\"><div class=\"wp-block-image\">\n<figure class=\"alignleft\"><img loading=\"lazy\" decoding=\"async\" width=\"225\" height=\"300\" src=\"https:\/\/cantinero.pl\/wp-content\/uploads\/2023\/09\/Patryk-Debski.jpg\" alt=\"\" class=\"wp-image-1050\"\/><\/figure><\/div>\n\n\n<p><strong>Patryk D\u0119bski<\/strong><\/p>\n\n\n\n<p>Wielokrotny medalista GRAND PRIX POLSKI oraz mi\u0119dzynarodowych turniej\u00f3w ta\u0144ca.<br>Finalista i p\u00f3\u0142finalista Mistrzostw Polski. Tancerz najwy\u017cszej klasy tanecznej S w ta\u0144cach standardowych.<\/p>\n\n\n\n<p>Wielokrotny Mistrz Okr\u0119gu \u0141\u00f3dzkiego.<br>Sze\u015bciokrotny zdobywca Pucharu Mariana Wieczystego.<br>\u0106wier\u0107finalista turnieju International Championships Anglia.<br>WiceMistrz Polish Open Championshiphs.<\/p>\n<\/blockquote>\n\n\n\n<hr class=\"wp-block-separator has-alpha-channel-opacity\"\/>\n\n\n\n<p><\/p>\n","protected":false},"excerpt":{"rendered":"","protected":false},"author":1,"featured_media":756,"parent":0,"menu_order":0,"comment_status":"closed","ping_status":"closed","template":"","meta":{"ngg_post_thumbnail":0,"footnotes":""},"class_list":["post-52","page","type-page","status-publish","has-post-thumbnail","hentry"],"_links":{"self":[{"href":"https:\/\/cantinero.pl\/index.php\/wp-json\/wp\/v2\/pages\/52"}],"collection":[{"href":"https:\/\/cantinero.pl\/index.php\/wp-json\/wp\/v2\/pages"}],"about":[{"href":"https:\/\/cantinero.pl\/index.php\/wp-json\/wp\/v2\/types\/page"}],"author":[{"embeddable":true,"href":"https:\/\/cantinero.pl\/index.php\/wp-json\/wp\/v2\/users\/1"}],"replies":[{"embeddable":true,"href":"https:\/\/cantinero.pl\/index.php\/wp-json\/wp\/v2\/comments?post=52"}],"version-history":[{"count":61,"href":"https:\/\/cantinero.pl\/index.php\/wp-json\/wp\/v2\/pages\/52\/revisions"}],"predecessor-version":[{"id":1106,"href":"https:\/\/cantinero.pl\/index.php\/wp-json\/wp\/v2\/pages\/52\/revisions\/1106"}],"wp:featuredmedia":[{"embeddable":true,"href":"https:\/\/cantinero.pl\/index.php\/wp-json\/wp\/v2\/media\/756"}],"wp:attachment":[{"href":"https:\/\/cantinero.pl\/index.php\/wp-json\/wp\/v2\/media?parent=52"}],"curies":[{"name":"wp","href":"https:\/\/api.w.org\/{rel}","templated":true}]}}

<blockquote class="wp-block-quote is-layout-flow wp-block-quote-is-layout-flow"><div class="wp-block-image">
<figure class="alignleft size-full"><img decoding="async" src="https://cantinero.pl/wp-content/uploads/2024/09/image_123650291-e1725354106123.jpg" alt="" class="wp-image-1095"/></figure></div>


<p><strong><strong>Grzegorz Rybicki</strong></strong></p>



<p>Trener Tańca Towarzyskiego, Choreograf, Instruktor tańca, Sędzia klasy międzynarodowej &#8211; I kategoria sędziowska Polskiego Towarzystwa Tanecznego<br>Sędzia rock and rolla i free style.<br>Założyciel Szkoły Tańca CANTINERO<strong><br></strong></p>
</blockquote>



<hr class="wp-block-separator has-alpha-channel-opacity"/>



<blockquote class="wp-block-quote is-layout-flow wp-block-quote-is-layout-flow"><div class="wp-block-image">
<figure class="alignleft"><img loading="lazy" decoding="async" width="170" height="290" src="https://cantinero.pl/wp-content/uploads/2018/03/jrybicki.jpg" alt="" class="wp-image-803"/></figure></div>


<p><strong>Jakub Rybicki</strong></p>



<p>Mistrz Polski, dwukrotny v-ce Mistrz Polski w tańcu towarzyskim.<br>Akademicki Mistrz Polski, Ćwierćfinalista Mistrzostw Świata, Wielokrotny Mistrz Okręgu Łódzkiego.<br>Zwycięzca wielu turniejów z cyklu GRAND PRIX POLSKI<br>Uczestnik programów telewizyjnych &#8222;Jaka to Melodia&#8221;, &#8222;Hity Dekady&#8221;, &#8222;Sylwester w Dwójce&#8221; itp.<br>Jako jedyny tancerz województwa Łódzkiego awansował do najlepszych par świata i trzykrotnie prezentował swoje umiejętności przed setkami publiczności w Royal Albert Hall w Londynie.<br>Szkolił się u najlepszych trenerów na świecie takich jak: Victor Nikovsky, Richard Porter, Katya i Giordano Vanone, Carmen, Carolyn Smith, Bryan Watson, Hans Galke. Trener tańca, instruktor dyscypliny sportu Akademii Wychowania Fizycznego w Gdańsku. Sędzia I kategorii Polskiego Towarzystwa Tanecznego oraz międzynarodowy sędzia World Dance Council.</p>
</blockquote>



<hr class="wp-block-separator has-alpha-channel-opacity"/>



<blockquote class="wp-block-quote is-layout-flow wp-block-quote-is-layout-flow"><div class="wp-block-image">
<figure class="alignleft size-full"><img loading="lazy" decoding="async" width="255" height="300" src="https://cantinero.pl/wp-content/uploads/2024/09/Untitled-design-1.jpg" alt="" class="wp-image-1099"/></figure></div>


<p><strong>Ada Pokorska</strong></p>



<p>Instruktorka tańca sportowego i tancerka najwyższej klasy tanecznej &#8222;S&#8221; w stylu latynoamerykańskim i standardowym. Absolwentka Wydziału Prawa Uniwersytetu w Białymstoku, a także absolwentka Wydziału Rytmiki Państwowej Szkoły Muzycznej II stopnia w Białymstoku. Najbardziej w świecie kocha tańczyć, piec drożdżówki i grać w Rummikuba.</p>
</blockquote>



<hr class="wp-block-separator has-alpha-channel-opacity"/>



<blockquote class="wp-block-quote is-layout-flow wp-block-quote-is-layout-flow"><div class="wp-block-image">
<figure class="alignleft"><img loading="lazy" decoding="async" width="225" height="300" src="https://cantinero.pl/wp-content/uploads/2023/09/Klaudia_Migala.jpg" alt="" class="wp-image-1047"/></figure></div>


<p><strong>Klaudia Migała</strong></p>



<p>Absolwentka Akademii Humanistyczno- Ekonomicznej w Łodzi specjalizacji Tancerz &#8211; Choreograf.</p>



<p>Tancerka najwyższej klasy tanecznej S w tańcach latynoamerykańskich.</p>



<p>Wielokrotnie finalistka GRAND PRIX POLSKI. Półfinalistka Mistrzostw Polski.</p>



<p>Osiągnięcia w solistkach latynoamerykańskich:<br>• 5 tytułów Vice Mistrzyni Polski<br>• 3 miejsce na Mistrzostwach Europy<br>• 3 miejsce na Mistrzostwach Świata</p>
</blockquote>



<hr class="wp-block-separator has-alpha-channel-opacity"/>



<blockquote class="wp-block-quote is-layout-flow wp-block-quote-is-layout-flow"><div class="wp-block-image">
<figure class="alignleft"><img loading="lazy" decoding="async" width="225" height="300" src="https://cantinero.pl/wp-content/uploads/2024/01/asia-poddebniak-225x300.jpg" alt="" class="wp-image-1054" srcset="https://cantinero.pl/wp-content/uploads/2024/01/asia-poddebniak-225x300.jpg 225w, https://cantinero.pl/wp-content/uploads/2024/01/asia-poddebniak.jpg 260w" sizes="(max-width: 225px) 100vw, 225px" /></figure></div>


<p><strong>Joanna Poddębniak</strong></p>



<p>Wieloletnia tancerka Studio Tańca Cantinero.<br>Certyfikowana instruktorka Rekreacji Ruchowej o specjalizacji Taniec.<br>Ukończyła Intensywny Kurs Instruktorski prowadzony przez szkołę tańca „Egurrola Dance studio”.<br>Absolwentka Politechniki Łódzkiej na kierunku Planowanie Przestrzenne.<br>Doskonale realizuje swoją pasję w pracy z przedszkolakami i młodzieżą szkolną.</p>
</blockquote>



<hr class="wp-block-separator has-alpha-channel-opacity"/>



<blockquote class="wp-block-quote is-layout-flow wp-block-quote-is-layout-flow"><div class="wp-block-image">
<figure class="alignleft"><img loading="lazy" decoding="async" width="225" height="300" src="https://cantinero.pl/wp-content/uploads/2024/01/aleksandra-gruszynska-225x300.jpg" alt="" class="wp-image-1062" srcset="https://cantinero.pl/wp-content/uploads/2024/01/aleksandra-gruszynska-225x300.jpg 225w, https://cantinero.pl/wp-content/uploads/2024/01/aleksandra-gruszynska.jpg 240w" sizes="(max-width: 225px) 100vw, 225px" /></figure></div>


<p><strong>Aleksandra Gruszczyńska</strong></p>



<p>Tancerka najwyższej międzynarodowej klasy tanecznej ,,S”.<br>-Mistrzyni Polski w kategorii Amatorów Solo Dance w stylu latynoamerykańskim.<br>-Mistrzyni Polski w krajowej mistrzowskiej klasie tanecznej w tańcach latynoamerykańskich<br>-Finalistka puch. Prof. Mariana Wieczystego w Krakowie i Grand Prix Polski w tańcach latynoamerykańskich.</p>



<p>Certyfikowana instruktorka Rekreacji Ruchowej o specjalizacji Taniec.<br>Instruktor sportu, instruktor tańca Akademii Sportowej w Warszawie.<br>Obecnie studentka Akademii Humanistyczno- Ekonomicznej w Łodzi na kierunku Taniec specjalizacji Pedagogika.</p>
</blockquote>



<hr class="wp-block-separator has-alpha-channel-opacity"/>



<blockquote class="wp-block-quote is-layout-flow wp-block-quote-is-layout-flow"><div class="wp-block-image">
<figure class="alignleft size-full"><img loading="lazy" decoding="async" width="255" height="300" src="https://cantinero.pl/wp-content/uploads/2024/09/Untitled-design-2.jpg" alt="" class="wp-image-1103"/></figure></div>


<p><strong>Marcin Bartyś</strong></p>



<p>Instruktor tańca sportowego. Tancerz najwyższej klasy tanecznej &#8222;S&#8221; w stylu latynoamerykańskim i standardowym. Absolwent Wydziału Farmaceutycznego Uniwersytetu Medycznego w Białymstoku. </p>



<p>Mistrz Świata Formacji Tanecznych WDC. Półfinalista Mistrzostw Polski w tańcach latynoamerykańskich, standardowych oraz 10 tańcach. Wielokrotny Mistrz Okręgu Podlaskiego u obu stylach.</p>



<p>Od kilku lat związany z trenowaniem sportowych par tanecznych. Uczestnik wielu projektów tanecznych oraz programów tj. &#8222;Jaka to Melodia&#8221;.</p>
</blockquote>



<hr class="wp-block-separator has-alpha-channel-opacity"/>



<blockquote class="wp-block-quote is-layout-flow wp-block-quote-is-layout-flow"><div class="wp-block-image">
<figure class="alignleft"><img loading="lazy" decoding="async" width="225" height="300" src="https://cantinero.pl/wp-content/uploads/2023/09/Patryk-Debski.jpg" alt="" class="wp-image-1050"/></figure></div>


<p><strong>Patryk Dębski</strong></p>



<p>Wielokrotny medalista GRAND PRIX POLSKI oraz międzynarodowych turniejów tańca.<br>Finalista i półfinalista Mistrzostw Polski. Tancerz najwyższej klasy tanecznej S w tańcach standardowych.</p>



<p>Wielokrotny Mistrz Okręgu Łódzkiego.<br>Sześciokrotny zdobywca Pucharu Mariana Wieczystego.<br>Ćwierćfinalista turnieju International Championships Anglia.<br>WiceMistrz Polish Open Championshiphs.</p>
</blockquote>



<hr class="wp-block-separator has-alpha-channel-opacity"/>



<p></p>
